{"version":"1.0","provider_name":"Orchidea n.o.","provider_url":"https:\/\/centrumorchidea.sk","author_name":"Orchidea n.o.","author_url":"https:\/\/centrumorchidea.sk\/index.php\/author\/orchidea\/","title":"Okamihy z okt\u00f3bra a novembra v na\u0161om Centre - Orchidea n.o.","type":"rich","width":600,"height":338,"html":"<blockquote class=\"wp-embedded-content\" data-secret=\"PMPBUaPJtO\"><a href=\"https:\/\/centrumorchidea.sk\/index.php\/2025\/11\/23\/okamihy-z-oktobra-a-novembra-v-nasom-centre\/\">Okamihy z okt\u00f3bra a novembra v na\u0161om Centre<\/a><\/blockquote><iframe sandbox=\"allow-scripts\" security=\"restricted\" src=\"https:\/\/centrumorchidea.sk\/index.php\/2025\/11\/23\/okamihy-z-oktobra-a-novembra-v-nasom-centre\/embed\/#?secret=PMPBUaPJtO\" width=\"600\" height=\"338\" title=\"&#8220;Okamihy z okt\u00f3bra a novembra v na\u0161om Centre&#8221; &#8212; Orchidea n.o.\" data-secret=\"PMPBUaPJtO\" frameborder=\"0\" marginwidth=\"0\" marginheight=\"0\" scrolling=\"no\" class=\"wp-embedded-content\"><\/iframe><script type=\"text\/javascript\">\n\/* <![CDATA[ *\/\n\/*! This file is auto-generated *\/\n!function(d,l){\"use strict\";l.querySelector&&d.addEventListener&&\"undefined\"!=typeof URL&&(d.wp=d.wp||{},d.wp.receiveEmbedMessage||(d.wp.receiveEmbedMessage=function(e){var t=e.data;if((t||t.secret||t.message||t.value)&&!\/[^a-zA-Z0-9]\/.test(t.secret)){for(var s,r,n,a=l.querySelectorAll('iframe[data-secret=\"'+t.secret+'\"]'),o=l.querySelectorAll('blockquote[data-secret=\"'+t.secret+'\"]'),c=new RegExp(\"^https?:$\",\"i\"),i=0;i<o.length;i++)o[i].style.display=\"none\";for(i=0;i<a.length;i++)s=a[i],e.source===s.contentWindow&&(s.removeAttribute(\"style\"),\"height\"===t.message?(1e3<(r=parseInt(t.value,10))?r=1e3:~~r<200&&(r=200),s.height=r):\"link\"===t.message&&(r=new URL(s.getAttribute(\"src\")),n=new URL(t.value),c.test(n.protocol))&&n.host===r.host&&l.activeElement===s&&(d.top.location.href=t.value))}},d.addEventListener(\"message\",d.wp.receiveEmbedMessage,!1),l.addEventListener(\"DOMContentLoaded\",function(){for(var e,t,s=l.querySelectorAll(\"iframe.wp-embedded-content\"),r=0;r<s.length;r++)(t=(e=s[r]).getAttribute(\"data-secret\"))||(t=Math.random().toString(36).substring(2,12),e.src+=\"#?secret=\"+t,e.setAttribute(\"data-secret\",t)),e.contentWindow.postMessage({message:\"ready\",secret:t},\"*\")},!1)))}(window,document);\n\/* ]]> *\/\n<\/script>\n","thumbnail_url":"http:\/\/centrumorchidea.sk\/wp-content\/uploads\/2025\/11\/544616142_753868147275530_5760425813720583011_n.jpg","thumbnail_width":2048,"thumbnail_height":1536,"description":"Uplynul\u00e9 mesiace v na\u0161om Centre pre deti a rodiny priniesli mno\u017estvo kr\u00e1snych chv\u00ed\u013e, ktor\u00e9 sme spolo\u010dne pre\u017eili a zachytili na fotografi\u00e1ch. Deti za\u017eili pestr\u00fd program pln\u00fd \u0161portu, tvorivosti, osl\u00e1v a pr\u00edprav na bl\u00ed\u017eiace sa sviatky. V okt\u00f3bri sa niesli tvoriv\u00e9 dielne v jesennom duchu. Deti sa s nad\u0161en\u00edm pustili do vyrez\u00e1vania tekv\u00edc, ktor\u00e9 n\u00e1m n\u00e1sledne skr\u00e1\u0161lili spolo\u010dn\u00e9 priestory. Nech\u00fdbala ani v\u00fdroba farebn\u00fdch \u0161arkanov \u2013 a ke\u010f\u017ee po\u010dasie prialo, s rados\u0165ou sme ich spolo\u010dne aj vypustili na oblohu. Tieto chv\u00edle boli pln\u00e9 smiechu, tvorivej energie a jesennej atmosf\u00e9ry. Siln\u00e9 em\u00f3cie priniesol aj futbalov\u00fd z\u00e1pas, v ktorom si na\u0161i chlapci zmerali sily s rovesn\u00edkmi. Bojovali zo v\u0161etk\u00fdch s\u00edl a na ihrisku uk\u00e1zali skvel\u00fd t\u00edmov\u00fd duch. Ostatn\u00e9 deti ich pri\u0161li hlasno podpori\u0165 a vytvorili povzbudzuj\u00facu atmosf\u00e9ru, ktor\u00e1 dodala hr\u00e1\u010dom energiu a odhodlanie. Nezabudnute\u013en\u00fdm z\u00e1\u017eitkom bol aj koncert v miestnej dedine, na ktorom sa deti z\u00fa\u010dastnili ako div\u00e1ci. Hudba, spolo\u010dn\u00e1 atmosf\u00e9ra a mo\u017enos\u0165 by\u0165 s\u00fa\u010das\u0165ou komunitn\u00e9ho podujatia im priniesli ve\u013ea radosti a nov\u00fdch z\u00e1\u017eitkov. Po\u010das jesenn\u00fdch v\u00edkendov sme vyu\u017eili aj pekn\u00e9 po\u010dasie a vybrali sa na v\u00fdlety do pr\u00edrody. Deti spozn\u00e1vali okolie, u\u017e\u00edvali si jesenn\u00e9 farby a str\u00e1vili \u010das na \u010derstvom vzduchu v pohodovej, priate\u013eskej atmosf\u00e9re. V uplynul\u00fdch t\u00fd\u017ed\u0148och sme osl\u00e1vili aj nieko\u013eko naroden\u00edn. Ka\u017ed\u00fd osl\u00e1vencov de\u0148 bol v\u00fdnimo\u010dn\u00fd \u2013 nech\u00fdbali drobn\u00e9 prekvapenia, smiech a spolo\u010dn\u00e9 zdie\u013eanie radosti, ktor\u00e9 posil\u0148uj\u00fa vz\u0165ahy medzi de\u0165mi. S koncom novembra sa za\u010dala aj pr\u00edprava na advent. Deti sa pustili do v\u00fdroby viano\u010dnej v\u00fdzdoby a dekor\u00e1ci\u00ed, ktor\u00e9 postupne prin\u00e1\u0161aj\u00fa do n\u00e1\u0161ho centra sviato\u010dn\u00fa n\u00e1ladu. V\u00fdroba ozd\u00f4b a pr\u00edprava viano\u010dn\u00fdch dekor\u00e1ci\u00ed im priniesla priestor na kreativitu, spolupr\u00e1cu a spolo\u010dn\u00e9 naladenie na najkraj\u0161ie obdobie roka. Fotografie z t\u00fdchto dn\u00ed zachyt\u00e1vaj\u00fa nielen samotn\u00e9 aktivity, ale aj komunitn\u00e9ho ducha, rados\u0165 a spolupatri\u010dnos\u0165, ktor\u00e9 s\u00fa pre na\u0161e CDR typick\u00e9. Ver\u00edme, \u017ee v\u00e1m tieto z\u00e1bery prines\u00fa rovnak\u00e9 teplo a \u00fasmev, ak\u00e9 priniesli n\u00e1m."}

Okamihy z októbra a novembra v našom Centre - Orchidea n.o.

<blockquote class="wp-embedded-content" data-secret="PMPBUaPJtO"><a href="https://centrumorchidea.sk/index.php/2025/11/23/okamihy-z-oktobra-a-novembra-v-nasom-centre/">Okamihy z októbra a novembra v našom Centre</a></blockquote><iframe sandbox="allow-scripts" security="restricted" src="https://centrumorchidea.sk/index.php/2025/11/23/okamihy-z-oktobra-a-novembra-v-nasom-centre/embed/#?secret=PMPBUaPJtO" width="600" height="338" title="&#8220;Okamihy z októbra a novembra v našom Centre&#8221; &#8212; Orchidea n.o." data-secret="PMPBUaPJtO" frameborder="0" marginwidth="0" marginheight="0" scrolling="no" class="wp-embedded-content"></iframe><script type="text/javascript">
/* <![CDATA[ */
/*! This file is auto-generated */
!function(d,l){"use strict";l.querySelector&&d.addEventListener&&"undefined"!=typeof URL&&(d.wp=d.wp||{},d.wp.receiveEmbedMessage||(d.wp.receiveEmbedMessage=function(e){var t=e.data;if((t||t.secret||t.message||t.value)&&!/[^a-zA-Z0-9]/.test(t.secret)){for(var s,r,n,a=l.querySelectorAll('iframe[data-secret="'+t.secret+'"]'),o=l.querySelectorAll('blockquote[data-secret="'+t.secret+'"]'),c=new RegExp("^https?:$","i"),i=0;i<o.length;i++)o[i].style.display="none";for(i=0;i<a.length;i++)s=a[i],e.source===s.contentWindow&&(s.removeAttribute("style"),"height"===t.message?(1e3<(r=parseInt(t.value,10))?r=1e3:~~r<200&&(r=200),s.height=r):"link"===t.message&&(r=new URL(s.getAttribute("src")),n=new URL(t.value),c.test(n.protocol))&&n.host===r.host&&l.activeElement===s&&(d.top.location.href=t.value))}},d.addEventListener("message",d.wp.receiveEmbedMessage,!1),l.addEventListener("DOMContentLoaded",function(){for(var e,t,s=l.querySelectorAll("iframe.wp-embedded-content"),r=0;r<s.length;r++)(t=(e=s[r]).getAttribute("data-secret"))||(t=Math.random().toString(36).substring(2,12),e.src+="#?secret="+t,e.setAttribute("data-secret",t)),e.contentWindow.postMessage({message:"ready",secret:t},"*")},!1)))}(window,document);
/* ]]> */
</script>

Uplynulé mesiace v našom Centre pre deti a rodiny priniesli množstvo krásnych chvíľ, ktoré sme spoločne prežili a zachytili na fotografiách. Deti zažili pestrý program plný športu, tvorivosti, osláv a príprav na blížiace sa sviatky. V októbri sa niesli tvorivé dielne v jesennom duchu. Deti sa s nadšením pustili do vyrezávania tekvíc, ktoré nám následne skrášlili spoločné priestory. Nechýbala ani výroba farebných šarkanov – a keďže počasie prialo, s radosťou sme ich spoločne aj vypustili na oblohu. Tieto chvíle boli plné smiechu, tvorivej energie a jesennej atmosféry. Silné emócie priniesol aj futbalový zápas, v ktorom si naši chlapci zmerali sily s rovesníkmi. Bojovali zo všetkých síl a na ihrisku ukázali skvelý tímový duch. Ostatné deti ich prišli hlasno podporiť a vytvorili povzbudzujúcu atmosféru, ktorá dodala hráčom energiu a odhodlanie. Nezabudnuteľným zážitkom bol aj koncert v miestnej dedine, na ktorom sa deti zúčastnili ako diváci. Hudba, spoločná atmosféra a možnosť byť súčasťou komunitného podujatia im priniesli veľa radosti a nových zážitkov. Počas jesenných víkendov sme využili aj pekné počasie a vybrali sa na výlety do prírody. Deti spoznávali okolie, užívali si jesenné farby a strávili čas na čerstvom vzduchu v pohodovej, priateľskej atmosfére. V uplynulých týždňoch sme oslávili aj niekoľko narodenín. Každý oslávencov deň bol výnimočný – nechýbali drobné prekvapenia, smiech a spoločné zdieľanie radosti, ktoré posilňujú vzťahy medzi deťmi. S koncom novembra sa začala aj príprava na advent. Deti sa pustili do výroby vianočnej výzdoby a dekorácií, ktoré postupne prinášajú do nášho centra sviatočnú náladu. Výroba ozdôb a príprava vianočných dekorácií im priniesla priestor na kreativitu, spoluprácu a spoločné naladenie na najkrajšie obdobie roka. Fotografie z týchto dní zachytávajú nielen samotné aktivity, ale aj komunitného ducha, radosť a spolupatričnosť, ktoré sú pre naše CDR typické. Veríme, že vám tieto zábery prinesú rovnaké teplo a úsmev, aké priniesli nám.
