{"id":35,"date":"2024-05-21T20:29:03","date_gmt":"2024-05-21T18:29:03","guid":{"rendered":"https:\/\/centrumorchidea.sk\/?page_id=35"},"modified":"2024-05-26T15:10:40","modified_gmt":"2024-05-26T13:10:40","slug":"kontakty","status":"publish","type":"page","link":"https:\/\/centrumorchidea.sk\/index.php\/kontakty\/","title":{"rendered":"Kontakty"},"content":{"rendered":"<p><em><strong>A. Kontaktn\u00e1 adresa centra:<\/strong><\/em><\/p>\n<p>Adresa s\u00eddla neziskovej organiz\u00e1cie Orchidea:<\/p>\n<p style=\"padding-left: 40px;\">R. Ja\u0161\u00edka 158\/8, 958 01 Partiz\u00e1nske, I\u010cO: 36119415, DI\u010c: 2021610613<\/p>\n<p>Kontaktn\u00e9 \u00fadaje Centra pre deti a rodiny (\u010falej len Centrum):<\/p>\n<p style=\"padding-left: 40px;\"><strong>\u2022\u00a0 \u00a0e-mail:\u00a0 \u00a0<\/strong>centrum@centrumorchidea.sk<\/p>\n<p style=\"padding-left: 40px;\"><strong>\u2022\u00a0 \u00a0web:<\/strong>\u00a0 \u00a0 \u00a0 \u00a0www.centrumorchidea.sk<\/p>\n<p style=\"padding-left: 40px;\"><strong>\u2022\u00a0 \u00a0mobil:\u00a0 \u00a0 \u00a0<\/strong>0903 208 125<\/p>\n<p style=\"padding-left: 80px;\"><span class=\"fontstyle0\">\u00a0 \u00a0 \u00a0 \u00a0 \u00a0 \u00a0 \u00a00915 731 652<\/span><\/p>\n<p style=\"padding-left: 80px;\"><span class=\"fontstyle0\">\u00a0 \u00a0 \u00a0 \u00a0 \u00a0 \u00a0 \u00a00911 208 124<\/span><\/p>\n<p style=\"padding-left: 80px;\"><span class=\"fontstyle0\">\u00a0 \u00a0 \u00a0 \u00a0 \u00a0 \u00a0 \u00a00911 208 126 \u2013 nepretr\u017eit\u00e1 prev\u00e1dzka\u00a0<\/span><\/p>\n<p style=\"padding-left: 80px;\"><span class=\"fontstyle0\">\u00a0 \u00a0 \u00a0 \u00a0 \u00a0 \u00a0 \u00a00911 208 127 \u2013 nepretr\u017eit\u00e1 prev\u00e1dzka<\/span><\/p>\n<p style=\"padding-left: 40px;\"><span class=\"fontstyle0\"><strong>\u2022\u00a0 \u00a0\u0161tatut\u00e1rny z\u00e1stupca a riadite\u013e:\u00a0 \u00a0<\/strong>PhDr. \u013dubica \u0160orlov\u00e1<\/span><\/p>\n<p><strong><span class=\"fontstyle0\">B. Adresy miest vykon\u00e1vania opatren\u00ed<\/span><\/strong><\/p>\n<p><strong> <span class=\"fontstyle0\">Pobytov\u00e1 forma:<\/span><\/strong><\/p>\n<p style=\"padding-left: 40px;\"><span class=\"fontstyle0\"><strong>\u2022\u00a0 \u00a0<\/strong><\/span><span class=\"fontstyle0\">\u0160kult\u00e9tyho 246\/9, 956 18 Bo\u0161any<br \/><\/span><span class=\"fontstyle0\"><strong>\u2022\u00a0 \u00a0<\/strong>Podjavorinskej270\/8, 956 18 Bo\u0161any<\/span><\/p>\n<p><strong> <span class=\"fontstyle0\">Ambulantn\u00e1 forma:<\/span><\/strong><\/p>\n<p style=\"padding-left: 40px;\"><span class=\"fontstyle0\"><strong>\u2022\u00a0 \u00a0<\/strong><\/span><span class=\"fontstyle0\">R. Ja\u0161\u00edka 158\/8, 958 01 Partiz\u00e1nske,<\/span><span class=\"fontstyle0\"><br \/><\/span><span class=\"fontstyle0\"><strong>\u2022\u00a0 \u00a0<\/strong>Matice Slovenskej 335\/8 , Prievidza,<br \/><\/span><span class=\"fontstyle0\"><strong>\u2022\u00a0 \u00a0<\/strong>Sl\u00e1dkovi\u010dova 60\/6, B\u00e1novce nad Bebravou,<br \/><\/span><span class=\"fontstyle0\"><strong>\u2022\u00a0 \u00a0<\/strong>17.novembra 1127, Topo\u013e\u010dany.<\/span><\/p>\n\n\n<p><\/p>\n\n\n\n<p><br><br><\/p>\n","protected":false},"excerpt":{"rendered":"<p>A. Kontaktn\u00e1 adresa centra: Adresa s\u00eddla neziskovej organiz\u00e1cie Orchidea: R. Ja\u0161\u00edka 158\/8, 958 01 Partiz\u00e1nske, I\u010cO: 36119415, DI\u010c: 2021610613 Kontaktn\u00e9 \u00fadaje Centra pre deti a rodiny (\u010falej len Centrum): \u2022\u00a0 \u00a0e-mail:\u00a0 \u00a0centrum@centrumorchidea.sk \u2022\u00a0 \u00a0web:\u00a0 \u00a0 \u00a0 \u00a0www.centrumorchidea.sk \u2022\u00a0 \u00a0mobil:\u00a0 \u00a0 \u00a00903 208 125 \u00a0 \u00a0 \u00a0 \u00a0 \u00a0 \u00a0 \u00a00915 731 652 \u00a0 \u00a0 \u00a0 \u00a0 \u00a0 \u00a0 \u00a00911 208 124 \u00a0 \u00a0 \u00a0 \u00a0 \u00a0 \u00a0 \u00a00911 208 126 \u2013 nepretr\u017eit\u00e1 prev\u00e1dzka\u00a0 \u00a0 \u00a0 \u00a0 \u00a0 \u00a0 \u00a0 \u00a00911 208 127 \u2013 nepretr\u017eit\u00e1 prev\u00e1dzka \u2022\u00a0 \u00a0\u0161tatut\u00e1rny z\u00e1stupca a riadite\u013e:\u00a0 \u00a0PhDr. \u013dubica \u0160orlov\u00e1 B. Adresy miest vykon\u00e1vania opatren\u00ed Pobytov\u00e1 forma: \u2022\u00a0 \u00a0\u0160kult\u00e9tyho 246\/9, 956 18 Bo\u0161any\u2022\u00a0 \u00a0Podjavorinskej270\/8, 956 18 Bo\u0161any Ambulantn\u00e1 forma: \u2022\u00a0 \u00a0R. Ja\u0161\u00edka 158\/8, 958 01 Partiz\u00e1nske,\u2022\u00a0 \u00a0Matice Slovenskej 335\/8 , Prievidza,\u2022\u00a0 \u00a0Sl\u00e1dkovi\u010dova 60\/6, B\u00e1novce nad Bebravou,\u2022\u00a0 \u00a017.novembra 1127, Topo\u013e\u010dany.<\/p>\n","protected":false},"author":1,"featured_media":0,"parent":0,"menu_order":0,"comment_status":"closed","ping_status":"closed","template":"","meta":{"_monsterinsights_skip_tracking":false,"_monsterinsights_sitenote_active":false,"_monsterinsights_sitenote_note":"","_monsterinsights_sitenote_category":0,"footnotes":""},"yoast_head":"<!-- This site is optimized with the Yoast SEO plugin v22.7 - https:\/\/yoast.com\/wordpress\/plugins\/seo\/ -->\n<title>Kontakty - Orchidea n.o.<\/title>\n<meta name=\"robots\" content=\"index, follow, max-snippet:-1, max-image-preview:large, max-video-preview:-1\" \/>\n<link rel=\"canonical\" href=\"https:\/\/centrumorchidea.sk\/index.php\/kontakty\/\" \/>\n<meta property=\"og:locale\" content=\"sk_SK\" \/>\n<meta property=\"og:type\" content=\"article\" \/>\n<meta property=\"og:title\" content=\"Kontakty - Orchidea n.o.\" \/>\n<meta property=\"og:description\" content=\"A. Kontaktn\u00e1 adresa centra: Adresa s\u00eddla neziskovej organiz\u00e1cie Orchidea: R. Ja\u0161\u00edka 158\/8, 958 01 Partiz\u00e1nske, I\u010cO: 36119415, DI\u010c: 2021610613 Kontaktn\u00e9 \u00fadaje Centra pre deti a rodiny (\u010falej len Centrum): \u2022\u00a0 \u00a0e-mail:\u00a0 \u00a0centrum@centrumorchidea.sk \u2022\u00a0 \u00a0web:\u00a0 \u00a0 \u00a0 \u00a0www.centrumorchidea.sk \u2022\u00a0 \u00a0mobil:\u00a0 \u00a0 \u00a00903 208 125 \u00a0 \u00a0 \u00a0 \u00a0 \u00a0 \u00a0 \u00a00915 731 652 \u00a0 \u00a0 \u00a0 \u00a0 \u00a0 \u00a0 \u00a00911 208 124 \u00a0 \u00a0 \u00a0 \u00a0 \u00a0 \u00a0 \u00a00911 208 126 \u2013 nepretr\u017eit\u00e1 prev\u00e1dzka\u00a0 \u00a0 \u00a0 \u00a0 \u00a0 \u00a0 \u00a0 \u00a00911 208 127 \u2013 nepretr\u017eit\u00e1 prev\u00e1dzka \u2022\u00a0 \u00a0\u0161tatut\u00e1rny z\u00e1stupca a riadite\u013e:\u00a0 \u00a0PhDr. \u013dubica \u0160orlov\u00e1 B. Adresy miest vykon\u00e1vania opatren\u00ed Pobytov\u00e1 forma: \u2022\u00a0 \u00a0\u0160kult\u00e9tyho 246\/9, 956 18 Bo\u0161any\u2022\u00a0 \u00a0Podjavorinskej270\/8, 956 18 Bo\u0161any Ambulantn\u00e1 forma: \u2022\u00a0 \u00a0R. Ja\u0161\u00edka 158\/8, 958 01 Partiz\u00e1nske,\u2022\u00a0 \u00a0Matice Slovenskej 335\/8 , Prievidza,\u2022\u00a0 \u00a0Sl\u00e1dkovi\u010dova 60\/6, B\u00e1novce nad Bebravou,\u2022\u00a0 \u00a017.novembra 1127, Topo\u013e\u010dany.\" \/>\n<meta property=\"og:url\" content=\"https:\/\/centrumorchidea.sk\/index.php\/kontakty\/\" \/>\n<meta property=\"og:site_name\" content=\"Orchidea n.o.\" \/>\n<meta property=\"article:modified_time\" content=\"2024-05-26T13:10:40+00:00\" \/>\n<meta name=\"twitter:card\" content=\"summary_large_image\" \/>\n<meta name=\"twitter:label1\" content=\"Predpokladan\u00fd \u010das \u010d\u00edtania\" \/>\n\t<meta name=\"twitter:data1\" content=\"1 min\u00fata\" \/>\n<script type=\"application\/ld+json\" class=\"yoast-schema-graph\">{\"@context\":\"https:\/\/schema.org\",\"@graph\":[{\"@type\":\"WebPage\",\"@id\":\"https:\/\/centrumorchidea.sk\/index.php\/kontakty\/\",\"url\":\"https:\/\/centrumorchidea.sk\/index.php\/kontakty\/\",\"name\":\"Kontakty - Orchidea n.o.\",\"isPartOf\":{\"@id\":\"https:\/\/centrumorchidea.sk\/#website\"},\"datePublished\":\"2024-05-21T18:29:03+00:00\",\"dateModified\":\"2024-05-26T13:10:40+00:00\",\"breadcrumb\":{\"@id\":\"https:\/\/centrumorchidea.sk\/index.php\/kontakty\/#breadcrumb\"},\"inLanguage\":\"sk-SK\",\"potentialAction\":[{\"@type\":\"ReadAction\",\"target\":[\"https:\/\/centrumorchidea.sk\/index.php\/kontakty\/\"]}]},{\"@type\":\"BreadcrumbList\",\"@id\":\"https:\/\/centrumorchidea.sk\/index.php\/kontakty\/#breadcrumb\",\"itemListElement\":[{\"@type\":\"ListItem\",\"position\":1,\"name\":\"Home\",\"item\":\"https:\/\/centrumorchidea.sk\/\"},{\"@type\":\"ListItem\",\"position\":2,\"name\":\"Kontakty\"}]},{\"@type\":\"WebSite\",\"@id\":\"https:\/\/centrumorchidea.sk\/#website\",\"url\":\"https:\/\/centrumorchidea.sk\/\",\"name\":\"Orchidea n.o.\",\"description\":\"NA\u0160IM CIE\u013dOM JE FUNK\u010cN\u00c1 RODINA = SPOKOJN\u00c9 DIE\u0164A  A \u00daSPE\u0160N\u00dd \u010cLOVEK \",\"potentialAction\":[{\"@type\":\"SearchAction\",\"target\":{\"@type\":\"EntryPoint\",\"urlTemplate\":\"https:\/\/centrumorchidea.sk\/?s={search_term_string}\"},\"query-input\":\"required name=search_term_string\"}],\"inLanguage\":\"sk-SK\"}]}<\/script>\n<!-- \/ Yoast SEO plugin. -->","yoast_head_json":{"title":"Kontakty - Orchidea n.o.","robots":{"index":"index","follow":"follow","max-snippet":"max-snippet:-1","max-image-preview":"max-image-preview:large","max-video-preview":"max-video-preview:-1"},"canonical":"https:\/\/centrumorchidea.sk\/index.php\/kontakty\/","og_locale":"sk_SK","og_type":"article","og_title":"Kontakty - Orchidea n.o.","og_description":"A. Kontaktn\u00e1 adresa centra: Adresa s\u00eddla neziskovej organiz\u00e1cie Orchidea: R. Ja\u0161\u00edka 158\/8, 958 01 Partiz\u00e1nske, I\u010cO: 36119415, DI\u010c: 2021610613 Kontaktn\u00e9 \u00fadaje Centra pre deti a rodiny (\u010falej len Centrum): \u2022\u00a0 \u00a0e-mail:\u00a0 \u00a0centrum@centrumorchidea.sk \u2022\u00a0 \u00a0web:\u00a0 \u00a0 \u00a0 \u00a0www.centrumorchidea.sk \u2022\u00a0 \u00a0mobil:\u00a0 \u00a0 \u00a00903 208 125 \u00a0 \u00a0 \u00a0 \u00a0 \u00a0 \u00a0 \u00a00915 731 652 \u00a0 \u00a0 \u00a0 \u00a0 \u00a0 \u00a0 \u00a00911 208 124 \u00a0 \u00a0 \u00a0 \u00a0 \u00a0 \u00a0 \u00a00911 208 126 \u2013 nepretr\u017eit\u00e1 prev\u00e1dzka\u00a0 \u00a0 \u00a0 \u00a0 \u00a0 \u00a0 \u00a0 \u00a00911 208 127 \u2013 nepretr\u017eit\u00e1 prev\u00e1dzka \u2022\u00a0 \u00a0\u0161tatut\u00e1rny z\u00e1stupca a riadite\u013e:\u00a0 \u00a0PhDr. \u013dubica \u0160orlov\u00e1 B. Adresy miest vykon\u00e1vania opatren\u00ed Pobytov\u00e1 forma: \u2022\u00a0 \u00a0\u0160kult\u00e9tyho 246\/9, 956 18 Bo\u0161any\u2022\u00a0 \u00a0Podjavorinskej270\/8, 956 18 Bo\u0161any Ambulantn\u00e1 forma: \u2022\u00a0 \u00a0R. Ja\u0161\u00edka 158\/8, 958 01 Partiz\u00e1nske,\u2022\u00a0 \u00a0Matice Slovenskej 335\/8 , Prievidza,\u2022\u00a0 \u00a0Sl\u00e1dkovi\u010dova 60\/6, B\u00e1novce nad Bebravou,\u2022\u00a0 \u00a017.novembra 1127, Topo\u013e\u010dany.","og_url":"https:\/\/centrumorchidea.sk\/index.php\/kontakty\/","og_site_name":"Orchidea n.o.","article_modified_time":"2024-05-26T13:10:40+00:00","twitter_card":"summary_large_image","twitter_misc":{"Predpokladan\u00fd \u010das \u010d\u00edtania":"1 min\u00fata"},"schema":{"@context":"https:\/\/schema.org","@graph":[{"@type":"WebPage","@id":"https:\/\/centrumorchidea.sk\/index.php\/kontakty\/","url":"https:\/\/centrumorchidea.sk\/index.php\/kontakty\/","name":"Kontakty - Orchidea n.o.","isPartOf":{"@id":"https:\/\/centrumorchidea.sk\/#website"},"datePublished":"2024-05-21T18:29:03+00:00","dateModified":"2024-05-26T13:10:40+00:00","breadcrumb":{"@id":"https:\/\/centrumorchidea.sk\/index.php\/kontakty\/#breadcrumb"},"inLanguage":"sk-SK","potentialAction":[{"@type":"ReadAction","target":["https:\/\/centrumorchidea.sk\/index.php\/kontakty\/"]}]},{"@type":"BreadcrumbList","@id":"https:\/\/centrumorchidea.sk\/index.php\/kontakty\/#breadcrumb","itemListElement":[{"@type":"ListItem","position":1,"name":"Home","item":"https:\/\/centrumorchidea.sk\/"},{"@type":"ListItem","position":2,"name":"Kontakty"}]},{"@type":"WebSite","@id":"https:\/\/centrumorchidea.sk\/#website","url":"https:\/\/centrumorchidea.sk\/","name":"Orchidea n.o.","description":"NA\u0160IM CIE\u013dOM JE FUNK\u010cN\u00c1 RODINA = SPOKOJN\u00c9 DIE\u0164A  A \u00daSPE\u0160N\u00dd \u010cLOVEK ","potentialAction":[{"@type":"SearchAction","target":{"@type":"EntryPoint","urlTemplate":"https:\/\/centrumorchidea.sk\/?s={search_term_string}"},"query-input":"required name=search_term_string"}],"inLanguage":"sk-SK"}]}},"_links":{"self":[{"href":"https:\/\/centrumorchidea.sk\/index.php\/wp-json\/wp\/v2\/pages\/35"}],"collection":[{"href":"https:\/\/centrumorchidea.sk\/index.php\/wp-json\/wp\/v2\/pages"}],"about":[{"href":"https:\/\/centrumorchidea.sk\/index.php\/wp-json\/wp\/v2\/types\/page"}],"author":[{"embeddable":true,"href":"https:\/\/centrumorchidea.sk\/index.php\/wp-json\/wp\/v2\/users\/1"}],"replies":[{"embeddable":true,"href":"https:\/\/centrumorchidea.sk\/index.php\/wp-json\/wp\/v2\/comments?post=35"}],"version-history":[{"count":6,"href":"https:\/\/centrumorchidea.sk\/index.php\/wp-json\/wp\/v2\/pages\/35\/revisions"}],"predecessor-version":[{"id":611,"href":"https:\/\/centrumorchidea.sk\/index.php\/wp-json\/wp\/v2\/pages\/35\/revisions\/611"}],"wp:attachment":[{"href":"https:\/\/centrumorchidea.sk\/index.php\/wp-json\/wp\/v2\/media?parent=35"}],"curies":[{"name":"wp","href":"https:\/\/api.w.org\/{rel}","templated":true}]}}