{"id":751,"date":"2024-10-22T15:13:46","date_gmt":"2024-10-22T13:13:46","guid":{"rendered":"https:\/\/centrumorchidea.sk\/?page_id=751"},"modified":"2025-03-22T12:04:30","modified_gmt":"2025-03-22T11:04:30","slug":"aktuality","status":"publish","type":"page","link":"https:\/\/centrumorchidea.sk\/index.php\/aktuality\/","title":{"rendered":"Aktuality"},"content":{"rendered":"\n<div class=\"wp-block-group is-vertical is-layout-flex wp-container-core-group-is-layout-1 wp-block-group-is-layout-flex\"><ul class=\"wp-block-latest-posts__list wp-block-latest-posts\"><li><a class=\"wp-block-latest-posts__post-title\" href=\"https:\/\/centrumorchidea.sk\/index.php\/2026\/04\/22\/aktivne-ucenie-pomoc-pri-upravach\/\">Akt\u00edvne u\u010denie &#8211; pomoc pri \u00faprav\u00e1ch<\/a><\/li>\n<li><a class=\"wp-block-latest-posts__post-title\" href=\"https:\/\/centrumorchidea.sk\/index.php\/2026\/04\/22\/vylety-pocas-velkonocnych-prazdnin\/\">V\u00fdlety po\u010das Ve\u013ekono\u010dn\u00fdch pr\u00e1zdnin<\/a><\/li>\n<li><a class=\"wp-block-latest-posts__post-title\" href=\"https:\/\/centrumorchidea.sk\/index.php\/2026\/04\/22\/pecieme-dobroty\/\">Pe\u010dieme dobroty<\/a><\/li>\n<li><a class=\"wp-block-latest-posts__post-title\" href=\"https:\/\/centrumorchidea.sk\/index.php\/2026\/03\/24\/vylet-k-oponickemu-hradu\/\">V\u00fdlet k Oponick\u00e9mu hradu<\/a><\/li>\n<li><a class=\"wp-block-latest-posts__post-title\" href=\"https:\/\/centrumorchidea.sk\/index.php\/2026\/03\/24\/oslava-pre-filipka\/\">Oslava pre Filipka<\/a><\/li>\n<\/ul><\/div>\n\n\n\n<div class=\"wp-block-media-text is-stacked-on-mobile\"><figure class=\"wp-block-media-text__media\"><a href=\"https:\/\/centrumorchidea.sk\/index.php\/2025\/01\/02\/vianocne-sviatky-plne-radosti-v-cdr\/\"><img loading=\"lazy\" decoding=\"async\" width=\"1024\" height=\"865\" src=\"http:\/\/centrumorchidea.sk\/wp-content\/uploads\/2025\/01\/efcbc684-0648-4188-828a-24d394fccc00-e1735818715759-1024x865.jpg\" alt=\"\" class=\"wp-image-926 size-full\" srcset=\"https:\/\/centrumorchidea.sk\/wp-content\/uploads\/2025\/01\/efcbc684-0648-4188-828a-24d394fccc00-e1735818715759-1024x865.jpg 1024w, https:\/\/centrumorchidea.sk\/wp-content\/uploads\/2025\/01\/efcbc684-0648-4188-828a-24d394fccc00-e1735818715759-300x253.jpg 300w, https:\/\/centrumorchidea.sk\/wp-content\/uploads\/2025\/01\/efcbc684-0648-4188-828a-24d394fccc00-e1735818715759-768x649.jpg 768w, https:\/\/centrumorchidea.sk\/wp-content\/uploads\/2025\/01\/efcbc684-0648-4188-828a-24d394fccc00-e1735818715759.jpg 1536w\" sizes=\"(max-width: 1024px) 100vw, 1024px\" \/><\/a><\/figure><div class=\"wp-block-media-text__content\">\n<p><a href=\"https:\/\/centrumorchidea.sk\/index.php\/2025\/01\/02\/vianocne-sviatky-plne-radosti-v-cdr\/\">Viano\u010dn\u00e9 sviatky pln\u00e9 radosti v CDR \ud83c\udf84<\/a><\/p>\n<\/div><\/div>\n\n\n\n<div class=\"wp-block-media-text is-stacked-on-mobile\"><figure class=\"wp-block-media-text__media\"><img loading=\"lazy\" decoding=\"async\" width=\"1024\" height=\"768\" src=\"http:\/\/centrumorchidea.sk\/wp-content\/uploads\/2024\/12\/IMG_20241205_190028-1024x768.jpg\" alt=\"\" class=\"wp-image-852 size-full\" srcset=\"https:\/\/centrumorchidea.sk\/wp-content\/uploads\/2024\/12\/IMG_20241205_190028-1024x768.jpg 1024w, https:\/\/centrumorchidea.sk\/wp-content\/uploads\/2024\/12\/IMG_20241205_190028-300x225.jpg 300w, https:\/\/centrumorchidea.sk\/wp-content\/uploads\/2024\/12\/IMG_20241205_190028-768x576.jpg 768w, https:\/\/centrumorchidea.sk\/wp-content\/uploads\/2024\/12\/IMG_20241205_190028-1536x1152.jpg 1536w, https:\/\/centrumorchidea.sk\/wp-content\/uploads\/2024\/12\/IMG_20241205_190028-2048x1536.jpg 2048w, https:\/\/centrumorchidea.sk\/wp-content\/uploads\/2024\/12\/IMG_20241205_190028-1140x855.jpg 1140w\" sizes=\"(max-width: 1024px) 100vw, 1024px\" \/><\/figure><div class=\"wp-block-media-text__content\">\n<p><a href=\"https:\/\/centrumorchidea.sk\/index.php\/2024\/12\/10\/dakujeme-za-stedre-srdcia\/\">Gymn\u00e1zium Partiz\u00e1nske \ud83c\udf84\u2764\ufe0f \u010eakujeme za \u0161tedr\u00e9 srdcia! \u2764\ufe0f\ud83c\udf84<\/a><\/p>\n<\/div><\/div>\n\n\n\n<p><\/p>\n\n\n\n<ul>\n<li><a href=\"https:\/\/centrumorchidea.sk\/index.php\/2024\/12\/05\/mikulas\/\">Na\u0161e deti z Centra pre deti a rodiny dnes pre\u017eili kr\u00e1sne Mikul\u00e1\u0161ske prekvapenie! V\u010faka B\u00e1novskej hokejbalovej lige dostali sladk\u00e9 bal\u00ed\u010dky, ktor\u00e9 im vy\u010darili \u00fasmevy na tv\u00e1rach a rozohriali srdie\u010dka.<\/a><\/li>\n<\/ul>\n\n\n\n<div class=\"wp-block-media-text is-stacked-on-mobile\"><figure class=\"wp-block-media-text__media\"><img loading=\"lazy\" decoding=\"async\" width=\"1024\" height=\"791\" src=\"http:\/\/centrumorchidea.sk\/wp-content\/uploads\/2024\/11\/465116968_531987142796966_1979257691578964186_n-e1733830309814-1024x791.jpg\" alt=\"\" class=\"wp-image-780 size-full\" srcset=\"https:\/\/centrumorchidea.sk\/wp-content\/uploads\/2024\/11\/465116968_531987142796966_1979257691578964186_n-e1733830309814-1024x791.jpg 1024w, https:\/\/centrumorchidea.sk\/wp-content\/uploads\/2024\/11\/465116968_531987142796966_1979257691578964186_n-e1733830309814-300x232.jpg 300w, https:\/\/centrumorchidea.sk\/wp-content\/uploads\/2024\/11\/465116968_531987142796966_1979257691578964186_n-e1733830309814-768x593.jpg 768w, https:\/\/centrumorchidea.sk\/wp-content\/uploads\/2024\/11\/465116968_531987142796966_1979257691578964186_n-e1733830309814-1140x880.jpg 1140w, https:\/\/centrumorchidea.sk\/wp-content\/uploads\/2024\/11\/465116968_531987142796966_1979257691578964186_n-e1733830309814.jpg 1286w\" sizes=\"(max-width: 1024px) 100vw, 1024px\" \/><\/figure><div class=\"wp-block-media-text__content\">\n<p><a href=\"https:\/\/centrumorchidea.sk\/index.php\/2024\/11\/21\/pamiatka-vsetkych-svatych-a-halloween-v-centre\/\">Pamiatka v\u0161etk\u00fdch sv\u00e4t\u00fdch a Halloween v Centre<\/a><\/p>\n<\/div><\/div>\n\n\n\n<div class=\"wp-block-media-text is-stacked-on-mobile\"><figure class=\"wp-block-media-text__media\"><img loading=\"lazy\" decoding=\"async\" width=\"1024\" height=\"393\" src=\"http:\/\/centrumorchidea.sk\/wp-content\/uploads\/2024\/11\/cropped-465215878_529823886346625_5239295221827507721_n-1-1024x393.jpg\" alt=\"\" class=\"wp-image-831 size-full\"\/><\/figure><div class=\"wp-block-media-text__content\">\n<p><a href=\"https:\/\/centrumorchidea.sk\/index.php\/2024\/11\/21\/jesenna-prechadzka-plna-kreativity-deti-tvorili-vlastne-stromceky-z-kartonu\/\">Jesenn\u00e1 prech\u00e1dzka pln\u00e1 kreativity: Deti tvorili vlastn\u00e9 strom\u010deky z kart\u00f3nu<\/a><\/p>\n<\/div><\/div>\n\n\n\n<div class=\"wp-block-media-text is-stacked-on-mobile\"><figure class=\"wp-block-media-text__media\"><a href=\"https:\/\/centrumorchidea.sk\/index.php\/2024\/11\/21\/jesenna-vyzdoba-nasich-deti\/\"><img loading=\"lazy\" decoding=\"async\" width=\"1024\" height=\"812\" src=\"http:\/\/centrumorchidea.sk\/wp-content\/uploads\/2024\/11\/464636095_526128130049534_6345541635297821255_n-e1733830032435-1024x812.jpg\" alt=\"\" class=\"wp-image-767 size-full\" srcset=\"https:\/\/centrumorchidea.sk\/wp-content\/uploads\/2024\/11\/464636095_526128130049534_6345541635297821255_n-e1733830032435-1024x812.jpg 1024w, https:\/\/centrumorchidea.sk\/wp-content\/uploads\/2024\/11\/464636095_526128130049534_6345541635297821255_n-e1733830032435-300x238.jpg 300w, https:\/\/centrumorchidea.sk\/wp-content\/uploads\/2024\/11\/464636095_526128130049534_6345541635297821255_n-e1733830032435-768x609.jpg 768w, https:\/\/centrumorchidea.sk\/wp-content\/uploads\/2024\/11\/464636095_526128130049534_6345541635297821255_n-e1733830032435-1140x904.jpg 1140w, https:\/\/centrumorchidea.sk\/wp-content\/uploads\/2024\/11\/464636095_526128130049534_6345541635297821255_n-e1733830032435.jpg 1152w\" sizes=\"(max-width: 1024px) 100vw, 1024px\" \/><\/a><\/figure><div class=\"wp-block-media-text__content\">\n<p><a href=\"https:\/\/centrumorchidea.sk\/index.php\/2024\/11\/21\/jesenna-vyzdoba-nasich-deti\/\">Deti si spolo\u010dne s pani vychov\u00e1vate\u013ekami a vychov\u00e1vate\u013emi pripravili jesenn\u00fa v\u00fdzdobu, ktor\u00e1 skr\u00e1\u0161\u013euje okolie Centra.<\/a><\/p>\n<\/div><\/div>\n","protected":false},"excerpt":{"rendered":"<p>Viano\u010dn\u00e9 sviatky pln\u00e9 radosti v CDR \ud83c\udf84 Gymn\u00e1zium Partiz\u00e1nske \ud83c\udf84\u2764\ufe0f \u010eakujeme za \u0161tedr\u00e9 srdcia! \u2764\ufe0f\ud83c\udf84 Pamiatka v\u0161etk\u00fdch sv\u00e4t\u00fdch a Halloween v Centre Jesenn\u00e1 prech\u00e1dzka pln\u00e1 kreativity: Deti tvorili vlastn\u00e9 strom\u010deky z kart\u00f3nu Deti si spolo\u010dne s pani vychov\u00e1vate\u013ekami a vychov\u00e1vate\u013emi pripravili jesenn\u00fa v\u00fdzdobu, ktor\u00e1 skr\u00e1\u0161\u013euje okolie Centra.<\/p>\n","protected":false},"author":2,"featured_media":0,"parent":0,"menu_order":0,"comment_status":"closed","ping_status":"closed","template":"","meta":{"_monsterinsights_skip_tracking":false,"_monsterinsights_sitenote_active":false,"_monsterinsights_sitenote_note":"","_monsterinsights_sitenote_category":0,"footnotes":""},"yoast_head":"<!-- This site is optimized with the Yoast SEO plugin v22.7 - https:\/\/yoast.com\/wordpress\/plugins\/seo\/ -->\n<title>Aktuality - Orchidea n.o.<\/title>\n<meta name=\"robots\" content=\"index, follow, max-snippet:-1, max-image-preview:large, max-video-preview:-1\" \/>\n<link rel=\"canonical\" href=\"https:\/\/centrumorchidea.sk\/index.php\/aktuality\/\" \/>\n<meta property=\"og:locale\" content=\"sk_SK\" \/>\n<meta property=\"og:type\" content=\"article\" \/>\n<meta property=\"og:title\" content=\"Aktuality - Orchidea n.o.\" \/>\n<meta property=\"og:description\" content=\"Viano\u010dn\u00e9 sviatky pln\u00e9 radosti v CDR \ud83c\udf84 Gymn\u00e1zium Partiz\u00e1nske \ud83c\udf84\u2764\ufe0f \u010eakujeme za \u0161tedr\u00e9 srdcia! \u2764\ufe0f\ud83c\udf84 Pamiatka v\u0161etk\u00fdch sv\u00e4t\u00fdch a Halloween v Centre Jesenn\u00e1 prech\u00e1dzka pln\u00e1 kreativity: Deti tvorili vlastn\u00e9 strom\u010deky z kart\u00f3nu Deti si spolo\u010dne s pani vychov\u00e1vate\u013ekami a vychov\u00e1vate\u013emi pripravili jesenn\u00fa v\u00fdzdobu, ktor\u00e1 skr\u00e1\u0161\u013euje okolie Centra.\" \/>\n<meta property=\"og:url\" content=\"https:\/\/centrumorchidea.sk\/index.php\/aktuality\/\" \/>\n<meta property=\"og:site_name\" content=\"Orchidea n.o.\" \/>\n<meta property=\"article:modified_time\" content=\"2025-03-22T11:04:30+00:00\" \/>\n<meta property=\"og:image\" content=\"http:\/\/centrumorchidea.sk\/wp-content\/uploads\/2025\/01\/efcbc684-0648-4188-828a-24d394fccc00-e1735818715759-1024x865.jpg\" \/>\n<meta name=\"twitter:card\" content=\"summary_large_image\" \/>\n<meta name=\"twitter:label1\" content=\"Predpokladan\u00fd \u010das \u010d\u00edtania\" \/>\n\t<meta name=\"twitter:data1\" content=\"2 min\u00faty\" \/>\n<script type=\"application\/ld+json\" class=\"yoast-schema-graph\">{\"@context\":\"https:\/\/schema.org\",\"@graph\":[{\"@type\":\"WebPage\",\"@id\":\"https:\/\/centrumorchidea.sk\/index.php\/aktuality\/\",\"url\":\"https:\/\/centrumorchidea.sk\/index.php\/aktuality\/\",\"name\":\"Aktuality - Orchidea n.o.\",\"isPartOf\":{\"@id\":\"https:\/\/centrumorchidea.sk\/#website\"},\"primaryImageOfPage\":{\"@id\":\"https:\/\/centrumorchidea.sk\/index.php\/aktuality\/#primaryimage\"},\"image\":{\"@id\":\"https:\/\/centrumorchidea.sk\/index.php\/aktuality\/#primaryimage\"},\"thumbnailUrl\":\"http:\/\/centrumorchidea.sk\/wp-content\/uploads\/2025\/01\/efcbc684-0648-4188-828a-24d394fccc00-e1735818715759-1024x865.jpg\",\"datePublished\":\"2024-10-22T13:13:46+00:00\",\"dateModified\":\"2025-03-22T11:04:30+00:00\",\"breadcrumb\":{\"@id\":\"https:\/\/centrumorchidea.sk\/index.php\/aktuality\/#breadcrumb\"},\"inLanguage\":\"sk-SK\",\"potentialAction\":[{\"@type\":\"ReadAction\",\"target\":[\"https:\/\/centrumorchidea.sk\/index.php\/aktuality\/\"]}]},{\"@type\":\"ImageObject\",\"inLanguage\":\"sk-SK\",\"@id\":\"https:\/\/centrumorchidea.sk\/index.php\/aktuality\/#primaryimage\",\"url\":\"https:\/\/centrumorchidea.sk\/wp-content\/uploads\/2025\/01\/efcbc684-0648-4188-828a-24d394fccc00-e1735818715759.jpg\",\"contentUrl\":\"https:\/\/centrumorchidea.sk\/wp-content\/uploads\/2025\/01\/efcbc684-0648-4188-828a-24d394fccc00-e1735818715759.jpg\",\"width\":1536,\"height\":1297},{\"@type\":\"BreadcrumbList\",\"@id\":\"https:\/\/centrumorchidea.sk\/index.php\/aktuality\/#breadcrumb\",\"itemListElement\":[{\"@type\":\"ListItem\",\"position\":1,\"name\":\"Home\",\"item\":\"https:\/\/centrumorchidea.sk\/\"},{\"@type\":\"ListItem\",\"position\":2,\"name\":\"Aktuality\"}]},{\"@type\":\"WebSite\",\"@id\":\"https:\/\/centrumorchidea.sk\/#website\",\"url\":\"https:\/\/centrumorchidea.sk\/\",\"name\":\"Orchidea n.o.\",\"description\":\"NA\u0160IM CIE\u013dOM JE FUNK\u010cN\u00c1 RODINA = SPOKOJN\u00c9 DIE\u0164A  A \u00daSPE\u0160N\u00dd \u010cLOVEK \",\"potentialAction\":[{\"@type\":\"SearchAction\",\"target\":{\"@type\":\"EntryPoint\",\"urlTemplate\":\"https:\/\/centrumorchidea.sk\/?s={search_term_string}\"},\"query-input\":\"required name=search_term_string\"}],\"inLanguage\":\"sk-SK\"}]}<\/script>\n<!-- \/ Yoast SEO plugin. -->","yoast_head_json":{"title":"Aktuality - Orchidea n.o.","robots":{"index":"index","follow":"follow","max-snippet":"max-snippet:-1","max-image-preview":"max-image-preview:large","max-video-preview":"max-video-preview:-1"},"canonical":"https:\/\/centrumorchidea.sk\/index.php\/aktuality\/","og_locale":"sk_SK","og_type":"article","og_title":"Aktuality - Orchidea n.o.","og_description":"Viano\u010dn\u00e9 sviatky pln\u00e9 radosti v CDR \ud83c\udf84 Gymn\u00e1zium Partiz\u00e1nske \ud83c\udf84\u2764\ufe0f \u010eakujeme za \u0161tedr\u00e9 srdcia! \u2764\ufe0f\ud83c\udf84 Pamiatka v\u0161etk\u00fdch sv\u00e4t\u00fdch a Halloween v Centre Jesenn\u00e1 prech\u00e1dzka pln\u00e1 kreativity: Deti tvorili vlastn\u00e9 strom\u010deky z kart\u00f3nu Deti si spolo\u010dne s pani vychov\u00e1vate\u013ekami a vychov\u00e1vate\u013emi pripravili jesenn\u00fa v\u00fdzdobu, ktor\u00e1 skr\u00e1\u0161\u013euje okolie Centra.","og_url":"https:\/\/centrumorchidea.sk\/index.php\/aktuality\/","og_site_name":"Orchidea n.o.","article_modified_time":"2025-03-22T11:04:30+00:00","og_image":[{"url":"http:\/\/centrumorchidea.sk\/wp-content\/uploads\/2025\/01\/efcbc684-0648-4188-828a-24d394fccc00-e1735818715759-1024x865.jpg"}],"twitter_card":"summary_large_image","twitter_misc":{"Predpokladan\u00fd \u010das \u010d\u00edtania":"2 min\u00faty"},"schema":{"@context":"https:\/\/schema.org","@graph":[{"@type":"WebPage","@id":"https:\/\/centrumorchidea.sk\/index.php\/aktuality\/","url":"https:\/\/centrumorchidea.sk\/index.php\/aktuality\/","name":"Aktuality - Orchidea n.o.","isPartOf":{"@id":"https:\/\/centrumorchidea.sk\/#website"},"primaryImageOfPage":{"@id":"https:\/\/centrumorchidea.sk\/index.php\/aktuality\/#primaryimage"},"image":{"@id":"https:\/\/centrumorchidea.sk\/index.php\/aktuality\/#primaryimage"},"thumbnailUrl":"http:\/\/centrumorchidea.sk\/wp-content\/uploads\/2025\/01\/efcbc684-0648-4188-828a-24d394fccc00-e1735818715759-1024x865.jpg","datePublished":"2024-10-22T13:13:46+00:00","dateModified":"2025-03-22T11:04:30+00:00","breadcrumb":{"@id":"https:\/\/centrumorchidea.sk\/index.php\/aktuality\/#breadcrumb"},"inLanguage":"sk-SK","potentialAction":[{"@type":"ReadAction","target":["https:\/\/centrumorchidea.sk\/index.php\/aktuality\/"]}]},{"@type":"ImageObject","inLanguage":"sk-SK","@id":"https:\/\/centrumorchidea.sk\/index.php\/aktuality\/#primaryimage","url":"https:\/\/centrumorchidea.sk\/wp-content\/uploads\/2025\/01\/efcbc684-0648-4188-828a-24d394fccc00-e1735818715759.jpg","contentUrl":"https:\/\/centrumorchidea.sk\/wp-content\/uploads\/2025\/01\/efcbc684-0648-4188-828a-24d394fccc00-e1735818715759.jpg","width":1536,"height":1297},{"@type":"BreadcrumbList","@id":"https:\/\/centrumorchidea.sk\/index.php\/aktuality\/#breadcrumb","itemListElement":[{"@type":"ListItem","position":1,"name":"Home","item":"https:\/\/centrumorchidea.sk\/"},{"@type":"ListItem","position":2,"name":"Aktuality"}]},{"@type":"WebSite","@id":"https:\/\/centrumorchidea.sk\/#website","url":"https:\/\/centrumorchidea.sk\/","name":"Orchidea n.o.","description":"NA\u0160IM CIE\u013dOM JE FUNK\u010cN\u00c1 RODINA = SPOKOJN\u00c9 DIE\u0164A  A \u00daSPE\u0160N\u00dd \u010cLOVEK ","potentialAction":[{"@type":"SearchAction","target":{"@type":"EntryPoint","urlTemplate":"https:\/\/centrumorchidea.sk\/?s={search_term_string}"},"query-input":"required name=search_term_string"}],"inLanguage":"sk-SK"}]}},"_links":{"self":[{"href":"https:\/\/centrumorchidea.sk\/index.php\/wp-json\/wp\/v2\/pages\/751"}],"collection":[{"href":"https:\/\/centrumorchidea.sk\/index.php\/wp-json\/wp\/v2\/pages"}],"about":[{"href":"https:\/\/centrumorchidea.sk\/index.php\/wp-json\/wp\/v2\/types\/page"}],"author":[{"embeddable":true,"href":"https:\/\/centrumorchidea.sk\/index.php\/wp-json\/wp\/v2\/users\/2"}],"replies":[{"embeddable":true,"href":"https:\/\/centrumorchidea.sk\/index.php\/wp-json\/wp\/v2\/comments?post=751"}],"version-history":[{"count":5,"href":"https:\/\/centrumorchidea.sk\/index.php\/wp-json\/wp\/v2\/pages\/751\/revisions"}],"predecessor-version":[{"id":1056,"href":"https:\/\/centrumorchidea.sk\/index.php\/wp-json\/wp\/v2\/pages\/751\/revisions\/1056"}],"wp:attachment":[{"href":"https:\/\/centrumorchidea.sk\/index.php\/wp-json\/wp\/v2\/media?parent=751"}],"curies":[{"name":"wp","href":"https:\/\/api.w.org\/{rel}","templated":true}]}}